{"id":7,"date":"2020-12-15T11:59:54","date_gmt":"2020-12-15T10:59:54","guid":{"rendered":"http:\/\/www.360-hd.com\/?page_id=7"},"modified":"2020-12-15T17:21:27","modified_gmt":"2020-12-15T16:21:27","slug":"a-propos-de","status":"publish","type":"page","link":"https:\/\/www.360-hd.com\/?page_id=7","title":{"rendered":"Visites virtuelles interactives sur tous supports"},"content":{"rendered":"\n<p><strong>Compatibilit\u00e9s<\/strong> : La visite virtuelle est compatible avec tous les supports dits On et OFF Line, DVD, clef USB, Internet.<br><strong>Technologie et caract\u00e9ristiques :<\/strong> <br>Panoramas 360\u00b0 en haute d\u00e9finition. <br>Commentaires audio. <br>Int\u00e9gration vid\u00e9o. <br>Musique ou bruits d\u2019ambiance.<br><br>Cartes et plans interactifs. Affichage en plein \u00e9cran. Vue immersive du sol au plafond.<br><br><strong>Plugins\/Langage<\/strong> :Sans Plugins et langage HTML5\u00a0<br><strong>Mat\u00e9riels \/ Syst\u00e8mes<\/strong> : iPad, iPhone, toutes les tablettes, Smartphone, Android, Mac, PC&#8230;<br><\/p>\n\n\n\n<p><\/p>\n\n\n\n<p><\/p>\n","protected":false},"excerpt":{"rendered":"<p>Compatibilit\u00e9s : La visite virtuelle est compatible avec tous les supports dits On et OFF Line, DVD, clef USB, Internet.Technologie et caract\u00e9ristiques : Panoramas 360\u00b0 en haute d\u00e9finition. Commentaires audio. Int\u00e9gration vid\u00e9o. Musique ou bruits d\u2019ambiance. Cartes et plans interactifs. Affichage en plein \u00e9cran. Vue immersive du sol au plafond. Plugins\/Langage :Sans Plugins et langage &hellip; <\/p>\n<p class=\"link-more\"><a href=\"https:\/\/www.360-hd.com\/?page_id=7\" class=\"more-link\">Continuer la lecture<span class=\"screen-reader-text\"> de &laquo;&nbsp;Visites virtuelles interactives sur tous supports&nbsp;&raquo;<\/span><\/a><\/p>\n","protected":false},"author":1,"featured_media":0,"parent":0,"menu_order":0,"comment_status":"closed","ping_status":"closed","template":"","meta":{"footnotes":""},"class_list":["post-7","page","type-page","status-publish","hentry"],"_links":{"self":[{"href":"https:\/\/www.360-hd.com\/index.php?rest_route=\/wp\/v2\/pages\/7","targetHints":{"allow":["GET"]}}],"collection":[{"href":"https:\/\/www.360-hd.com\/index.php?rest_route=\/wp\/v2\/pages"}],"about":[{"href":"https:\/\/www.360-hd.com\/index.php?rest_route=\/wp\/v2\/types\/page"}],"author":[{"embeddable":true,"href":"https:\/\/www.360-hd.com\/index.php?rest_route=\/wp\/v2\/users\/1"}],"replies":[{"embeddable":true,"href":"https:\/\/www.360-hd.com\/index.php?rest_route=%2Fwp%2Fv2%2Fcomments&post=7"}],"version-history":[{"count":7,"href":"https:\/\/www.360-hd.com\/index.php?rest_route=\/wp\/v2\/pages\/7\/revisions"}],"predecessor-version":[{"id":108,"href":"https:\/\/www.360-hd.com\/index.php?rest_route=\/wp\/v2\/pages\/7\/revisions\/108"}],"wp:attachment":[{"href":"https:\/\/www.360-hd.com\/index.php?rest_route=%2Fwp%2Fv2%2Fmedia&parent=7"}],"curies":[{"name":"wp","href":"https:\/\/api.w.org\/{rel}","templated":true}]}}